 number?
False
Is 98765981 a composite number?
True
Is 301258051 a composite number?
True
Is 9483997 prime?
False
Is 135964009 prime?
False
Is 194843731 composite?
True
Is 1355407 prime?
False
Is 19268087 composite?
False
Is 89102911 a composite number?
True
Is 53782657 composite?
False
Is 1482707 a composite number?
False
Is 678435599 a prime number?
False
Is 1832801 prime?
False
Is 1946369 composite?
False
Is 207256913 composite?
True
Is 7239301 prime?
False
Is 818659 prime?
True
Is 50867533 a composite number?
False
Is 270029 a prime number?
True
Is 55310693 a prime number?
True
Is 1901869 prime?
False
Is 7209187 a composite number?
False
Is 778979 a composite number?
False
Is 468007367 composite?
False
Is 5316167 prime?
False
Is 17317963 a prime number?
False
Is 12128869 a prime number?
True
Is 150940163 composite?
True
Is 185987 a prime number?
True
Is 8895659 a composite number?
True
Is 110909 prime?
True
Is 193017845 a composite number?
True
Is 380591 a composite number?
False
Is 3607061 prime?
False
Is 15069634 prime?
False
Is 12448859 a composite number?
True
Is 795669599 a composite number?
False
Is 1114599923 composite?
False
Is 4614713 a composite number?
False
Is 5350341 a prime number?
False
Is 1851391 a composite number?
False
Is 401475257 a prime number?
True
Is 42760378 composite?
True
Is 140813479 a composite number?
False
Is 7071283 a prime number?
True
Is 7371491 a composite number?
False
Is 68606121 prime?
False
Is 19005911 a prime number?
True
Is 379241 a prime number?
False
Is 139827277 prime?
False
Is 33364181 prime?
False
Is 18365573 prime?
True
Is 9442877 a prime number?
True
Is 3898358 a composite number?
True
Is 185114162 a composite number?
True
Is 31290167 a composite number?
False
Is 5947759 a composite number?
False
Is 14348149 composite?
False
Is 449846171 a prime number?
True
Is 2724599 composite?
False
Is 5624979 prime?
False
Is 13393417 composite?
False
Is 70034429 composite?
False
Is 115245701 a prime number?
True
Is 6683431 composite?
True
Is 2727623 prime?
True
Is 5514937 a prime number?
False
Is 64349179 a composite number?
True
Is 671416607 prime?
True
Is 17751121 a prime number?
True
Is 138739 prime?
True
Is 10170373 composite?
False
Is 2427847 a composite number?
False
Is 27704227 composite?
False
Is 33694337 composite?
False
Is 1190402 a prime number?
False
Is 690419 a prime number?
True
Is 85678819 composite?
False
Is 27684043 a composite number?
True
Is 2866189 composite?
False
Is 4541249 composite?
True
Is 1452047 composite?
False
Is 3062833 a composite number?
False
Is 3989261 composite?
False
Is 1544563 prime?
True
Is 54457927 a prime number?
False
Is 14867359 a composite number?
True
Is 89728997 prime?
True
Is 137128309 composite?
False
Is 2842907 composite?
True
Is 86915369 a composite number?
False
Is 11451227 a composite number?
False
Is 12719407 prime?
True
Is 82769 a prime number?
False
Is 36581609 composite?
False
Is 36879431 a composite number?
True
Is 11125319 a prime number?
True
Is 88539289 a prime number?
False
Is 118776497 prime?
False
Is 6194299 a prime number?
True
Is 12538355 prime?
False
Is 2465962373 composite?
True
Is 3602279 prime?
True
Is 23220833 a composite number?
False
Is 59635294 composite?
True
Is 19670381 prime?
False
Is 919129 composite?
False
Is 10422647 a prime number?
True
Is 4780241 prime?
True
Is 169339763 a prime number?
False
Is 35799167 composite?
False
Is 1575897 composite?
True
Is 9153337 a composite number?
False
Is 88931 prime?
False
Is 5234789 a composite number?
True
Is 1919699 a composite number?
True
Is 1325359 a prime number?
False
Is 3324913 a prime number?
True
Is 8647323 composite?
True
Is 27711553 a prime number?
True
Is 103045057 composite?
False
Is 55494311 composite?
False
Is 10068907 a prime number?
True
Is 5970763 prime?
True
Is 12899659 composite?
False
Is 5139859 a prime number?
True
Is 91475642 composite?
True
Is 20219689 prime?
False
Is 242103007 a prime number?
True
Is 15650369 a composite number?
True
Is 4136483 a composite number?
True
Is 202471 composite?
False
Is 20538317 prime?
True
Is 24363818 a composite number?
True
Is 1423823 a prime number?
False
Is 2205787 a composite number?
False
Is 13685327 prime?
True
Is 8462309 a composite number?
True
Is 1807523 prime?
False
Is 2000783 prime?
False
Is 1491917 a composite number?
True
Is 2084413 a prime number?
True
Is 113759435 a prime number?
False
Is 48060407 a prime number?
False
Is 268117 prime?
False
Is 32534659 a prime number?
True
Is 30176917 prime?
False
Is 4051741 a composite number?
False
Is 1067527 a composite number?
True
Is 3620039 prime?
False
Is 144435527 prime?
True
Is 4973411 prime?
True
Is 57479287 a composite number?
True
Is 233009 prime?
False
Is 4066441 prime?
True
Is 15675047 prime?
True
Is 2784689 composite?
False
Is 115880813 composite?
False
Is 2887711 prime?
True
Is 766553 composite?
False
Is 639319933 a composite number?
True
Is 5229767 a composite number?
False
Is 43190827 a composite number?
False
Is 6818797 a composite number?
False
Is 93307 a composite number?
False
Is 3822967 a composite number?
False
Is 124318769 prime?
True
Is 33904207 prime?
True
Is 10611479 composite?
False
Is 660227 prime?
True
Is 135980173 a composite number?
True
Is 190020763 a composite number?
True
Is 220125953 prime?
True
Is 1015118765 a prime number?
False
Is 39176861 prime?
True
Is 3808591 a composite number?
False
Is 102523 a composite number?
False
Is 106702469 prime?
True
Is 2778373 a prime number?
False
Is 5523211 a composite number?
False
Is 2268029 a prime number?
False
Is 152111 a prime number?
True
Is 10705103 a composite number?
False
Is 23992579 a composite number?
True
Is 85752343 a prime number?
False
Is 43870769 composite?
True
Is 3309563 a prime number?
True
Is 340448642 a prime number?
False
Is 3343733 composite?
False
Is 4659097 a composite number?
True
Is 75947189 prime?
True
Is 2396941 a prime number?
True
Is 8036383 composite?
True
Is 241763411 composite?
False
Is 12556613 a composite number?
False
Is 1775047 composite?
True
Is 4492346 a composite number?
True
Is 16735577 prime?
False
Is 15129889 a prime number?
True
Is 1355191 prime?
True
Is 21124321 prime?
True
Is 4649477 a prime number?
False
Is 63328861 a composite number?
False
Is 12977009 prime?
True
Is 11106971 composite?
True
Is 37703753 composite?
False
Is 266259209 composite?
True
Is 31355413 a prime number?
True
Is 2031353 prime?
True
Is 270535759 composite?
True
Is 226416443 a prime number?
False
Is 10646321 prime?
False
Is 956078 a composite number?
True
Is 1594093 composite?
False
Is 13198957 prime?
True
Is 48951753 a composite number?
True
Is 201007483 a composite number?
True
Is 7461739 composite?
True
Is 3582179 composite?
False
Is 3736333 prime?
False
Is 3916645 composite?
True
Is 5234819 a composite number?
True
Is 1965993 a composite number?
True
Is 5628713 a prime number?
True
Is 111010899 prime?
False
Is 9596903 composite?
True
Is 4497771 composite?
True
Is 3051199 composite?
True
Is 1256131 a prime number?
False
Is 8185123 a prime number?
True
Is 31568723 prime?
True
Is 6820417 composite?
True
Is 3553373 a composite number?
True
Is 1374133 prime?
True
Is 9288109 a composite number?
True
Is 884917 a composite number?
True
Is 5926507 a composite number?
True
Is 625474 a prime number?
False
Is 1211129 a composite number?
True
Is 74348773 a prime number?
True
Is 2508238 prime?
False
Is 14094671 prime?
True
Is 74278747 composite?
False
Is 24296681 a prime number?
False
Is 503614819 a prime number?
True
Is 137142097 prime?
True
Is 104577469 composite?
True
Is 995611 a composite number?
False
Is 2729029 a prime number?
True
Is 9742451 composite?
True
Is 13693511 composite?
True
Is 2200579 a prime number?
False
Is 1547251 a prime number?
True
Is 19796713 a composite number?
False
Is 9326699 prime?
False
Is 947579 a prime number?
True
Is 50988599 a composite number?
True
Is 12411599 a prime number?
True
Is 74445263 composite?
True
Is 51322003 a prime number?
True
Is 306543433 composite?
True
Is 235629247 a composite number?
True
Is 2233309 a composite number?
True
Is 104488355 prime?
False
Is 182144149 prime?
False
Is 529798859 composite?
True
Is 11275193 composite?
False
Is 1246147 a comp